{"id":2,"date":"2024-04-09T09:25:38","date_gmt":"2024-04-09T07:25:38","guid":{"rendered":"http:\/\/aug-gmbh.eu\/WP2\/?page_id=2"},"modified":"2024-04-09T12:39:44","modified_gmt":"2024-04-09T10:39:44","slug":"przykladowa-strona","status":"publish","type":"page","link":"https:\/\/aug-gmbh.eu\/WP2\/przykladowa-strona\/","title":{"rendered":"\u00dcber Adam und Georg GmbH"},"content":{"rendered":"\n<p>Herzlich willkommen bei Adam und Georg GmbH, Ihrem vertrauensw\u00fcrdigen Partner f\u00fcr umfassende Immobilienl\u00f6sungen. Wir sind ein etabliertes Unternehmen, das sich auf den Immobilienmarkt spezialisiert hat. Hier erfahren Sie mehr \u00fcber unsere umfangreichen T\u00e4tigkeitsbereiche<\/p>\n","protected":false},"excerpt":{"rendered":"<p>Herzlich willkommen bei Adam und Georg GmbH, Ihrem vertrauensw\u00fcrdigen Partner f\u00fcr umfassende Immobilienl\u00f6sungen. Wir sind ein etabliertes Unternehmen, das sich auf den Immobilienmarkt spezialisiert hat. Hier erfahren Sie mehr \u00fcber unsere umfangreichen T\u00e4tigkeitsbereiche<\/p>\n","protected":false},"author":1,"featured_media":0,"parent":0,"menu_order":0,"comment_status":"closed","ping_status":"open","template":"","meta":{"footnotes":""},"class_list":["post-2","page","type-page","status-publish","hentry"],"_links":{"self":[{"href":"https:\/\/aug-gmbh.eu\/WP2\/wp-json\/wp\/v2\/pages\/2","targetHints":{"allow":["GET"]}}],"collection":[{"href":"https:\/\/aug-gmbh.eu\/WP2\/wp-json\/wp\/v2\/pages"}],"about":[{"href":"https:\/\/aug-gmbh.eu\/WP2\/wp-json\/wp\/v2\/types\/page"}],"author":[{"embeddable":true,"href":"https:\/\/aug-gmbh.eu\/WP2\/wp-json\/wp\/v2\/users\/1"}],"replies":[{"embeddable":true,"href":"https:\/\/aug-gmbh.eu\/WP2\/wp-json\/wp\/v2\/comments?post=2"}],"version-history":[{"count":1,"href":"https:\/\/aug-gmbh.eu\/WP2\/wp-json\/wp\/v2\/pages\/2\/revisions"}],"predecessor-version":[{"id":43,"href":"https:\/\/aug-gmbh.eu\/WP2\/wp-json\/wp\/v2\/pages\/2\/revisions\/43"}],"wp:attachment":[{"href":"https:\/\/aug-gmbh.eu\/WP2\/wp-json\/wp\/v2\/media?parent=2"}],"curies":[{"name":"wp","href":"https:\/\/api.w.org\/{rel}","templated":true}]}}